t u be -1*108/w*10. Let b = -124 + u. Is b composite?
True
Let r(y) = y - 3. Let n be r(8). Suppose 3*o - n*o = -5*v - 3566, -o = v - 1790. Is o/10 + (-4)/(-20) composite?
False
Let h(y) = -y**3 - y**2 - 4*y + 1. Let a(d) be the third derivative of -d**6/120 + d**3/6 + 5*d**2. Let p(x) = -2*a(x) + h(x). Is p(5) prime?
True
Is (-9)/6*-3*10/3 prime?
False
Is (9 + 3710/5)*(1 + 2) composite?
True
Let v(g) = 17*g + 8. Let f be ((-5)/(-15))/(2/18). Suppose -f*c = -b - 16, -c + 10 + 12 = 3*b. Is v(c) prime?
True
Let x(w) = -511*w**3 - 10*w**2 - 29*w - 4. Is x(-5) prime?
False
Let u(v) = -84*v**3 - 11*v - 31. Is u(-4) composite?
True
Let z(q) = 185*q**2 + q - 7. Let k be (-4 - -3)*(-6)/(-2). Is z(k) a composite number?
True
Let m be 4/(-4)*2/2. Let a be (194 + 11)/(1/m). Let o = a - -422. Is o prime?
False
Let g = 390 - -584. Suppose 4*q - 350 - g = 0. Is q composite?
False
Suppose -m - 2*p = 9, 0 = -2*m + 6*m - p. Let z be 807*m/((-1)/1). Suppose 5*w + 634 = 3*g, 3*g + g + w = z. Is g prime?
False
Let h be (-7)/((-42)/(-46)) + (-2)/(-3). Let x(s) = -s**3 - 2 - 4*s**2 - 5 + 1 + 8*s. Is x(h) a prime number?
False
Let v be 7135 - (-3 + 6 - 7). Let d = -3084 + v. Is d composite?
True
Let m(u) = -u**3 + 15*u**2 + 16*u + 4. Let x be m(16). Suppose 0 = -5*q + 4*t + 36, 0 = 4*q - x*t + 2*t - 24. Is (670/q)/(1/2) composite?
True
Suppose 9034 - 1816 = 18*y. Is y prime?
True
Let b be -1 + 7/6 + 7979004/216. Suppose l = 5*c + 9223, 7*c = -4*l + 3*c + b. Is l a prime number?
False
Let i(l) = -249*l + 478. Is i(-29) a composite number?
False
Suppose i = 4*i. Suppose 3*o = -i*o + 18. Is (-68)/o*570/(-20) a composite number?
True
Let s = 3339 + 7846. Is s a composite number?
True
Let n(x) = 429*x**3 + 21*x**2 - 8*x + 11. Is n(5) a composite number?
False
Suppose -118*b = -107188 - 288230. Let k = 7 - 4. Suppose 0*i + b = k*i. Is i prime?
True
Let r(j) = -364*j - 35*j + 37 - 570*j. Is r(-6) composite?
False
Let p(z) = 192*z**2 - 8*z - 57. Is p(19) composite?
True
Let c be 3046/(-6) + 3 - 6/(-9). Let z = c - -763. Is z a prime number?
False
Let k be 2/6 - (-88)/24. Suppose -k = 2*y - 3*y. Is ((-6)/y)/((-6)/508) prime?
True
Let k(w) = 2*w + 8. Let p be k(-5). Let u = p + 13. Is (-2)/u - 69430/(-110) composite?
False
Let u(q) = 14*q**2 - q - 1. Let l be u(-1). Let k = 447 - 447. Suppose -4*f + 14 + l = k. Is f a prime number?
True
Let o(s) = -2 + 20*s - 5 + 1 + 0. Is o(5) a composite number?
True
Suppose 3*a = -u - 2*u + 15624, 3*u = -a + 15626. Is u composite?
False
Suppose 0*k + 4*k - 3*s = 8450, 8452 = 4*k - 4*s. Is k prime?
True
Let q = 566 + 6201. Is q prime?
False
Let u(d) = -98*d. Let r be u(-3). Is (11 + -12)*(1 - r) composite?
False
Let t(s) = s**2 - 3*s + 2503. Is t(0) composite?
False
Suppose 0 = 5*a + 4*y + 3 + 17, -4*a = -2*y - 10. Suppose a = -3*k - 2*k + 70. Is (-1 + 3)*553/k composite?
False
Let d be ((-168)/18)/((-4)/(-6)). Let w = 225 - d. Is w a prime number?
True
Suppose 4*i - 2943 = 5*a, -4*a + 5620 = 5*i + 1972. Let b = i - 425. Is b a composite number?
False
Let a = -9648 + 18289. Is a composite?
False
Let a = 3153 + -825. Let s = 4159 - a. Is s a composite number?
False
Let r(w) = 1694*w**3 + 4*w**2 - 6*w + 1. Is r(1) a composite number?
False
Let i(y) = -y**3 + 11*y**2 - 5*y - 4. Suppose -19 = 5*c + 16. Let g = 2 - c. Is i(g) composite?
False
Suppose -2*d + 9 = 1. Suppose -d*o + 3*p + 261 = 0, -4*o + 2*p + 144 = -122. Let x = -16 + o. Is x prime?
True
Suppose -5*r + 2*p = -883, 5*r - 6*r = -4*p - 173. Is r prime?
False
Let f(l) = 3298*l - 5. Let y be f(2). Let r = -1730 + y. Is r a prime number?
True
Let u be 109/3 + 2/(-6). Let y = 150 - 112. Let t = u + y. Is t a composite number?
True
Is (-5)/20 + 45108/16 a composite number?
False
Suppose -61*j + 2*y + 83348 = -59*j, -5*j + 208365 = -4*y. Is j a composite number?
False
Suppose 2*i - 8 = -2*i. Suppose 2*k - i*b = 1166, 31 = 5*b + 11. Is k composite?
False
Let w(i) = -3*i**3 - 11*i**2 + 4*i + 3. Let q be w(-9). Suppose 7*g - q - 571 = 0. Is g composite?
True
Let p = 3041 + 1790. Is p a composite number?
False
Let w = -2 - -7. Suppose -m - 5*m + 462 = 0. Let z = w + m. Is z composite?
True
Is (-7)/(-21) - (482/(-3) - -4) a prime number?
True
Let n(t) be the third derivative of -t**5/120 + t**4/8 - t**3/2 - 4*t**2. Let d(k) be the first derivative of n(k). Is d(-11) a composite number?
True
Let c = 8 - 5. Let g(t) = -t**3 + 5*t**2 + 9*t - 18. Let k be g(6). Suppose 0 = c*u + 5*r - 414, -u + 3*r + 152 = -k*u. Is u a composite number?
True
Let r(n) = -2*n**3 + 9*n**2 - 25*n - 19. Is r(-16) a prime number?
False
Let x be ((-90027)/14)/3*2*-1. Suppose -4*j - 2*m = -17136, 0 = j - 5*m + 4*m - x. Is j a prime number?
False
Let k(r) = r + 15. Let q be k(-13). Suppose -w = 5*h - 7839, 0 = -q*h + 4*w + w + 3114. Is h prime?
True
Suppose 5*s - 81053 = -2*h, s + 5*h - 48647 = -2*s. Let l = -9440 + s. Is l a prime number?
False
Suppose -4*p - 2*h + 2428 = 0, -3*p + 8*p - 5*h - 3020 = 0. Let l = -187 + p. Is l prime?
True
Suppose v + 0*p = -3*p + 12, 0 = -3*p + 9. Suppose 3670 = v*c + 4*o, -c - c + 2460 = -4*o. Is c a composite number?
True
Let w = 12387 - 6034. Is w composite?
False
Suppose 6*w + 18680 = 830. Let f = -2089 - w. Is f composite?
True
Let p(z) = 346*z**2 - 14*z + 47. Is p(3) a composite number?
False
Let r = 27 - 9. Let m = r + -15. Suppose -879 = -m*j - x, -3*j + x = -0*x - 879. Is j composite?
False
Let y(a) = 932*a**2 - 1. Let i be y(1). Suppose -138 - i = -3*d - 4*s, 0 = 3*d - 4*s - 1085. Is d prime?
True
Suppose m - 5*t = 645, -514 - 115 = -m + t. Let j = 1760 - m. Is j composite?
True
Let s be (-1 - (-61 + -2))/2. Suppose -s = -3*t + 107. Is t a prime number?
False
Let b be (-2)/(2/(-21)*3). Let d = b - 7. Suppose 0 = -d*w + 5*w - 395. Is w prime?
True
Suppose -79763 - 11584 = -3*o. Is o composite?
False
Let q(j) = -223*j**2 - 2*j - 3. Let g be q(-1). Let t = g + 597. Is t prime?
True
Let j = -3274 - -11463. Is j prime?
False
Let a(d) = 927*d**2 - 7*d + 65. Is a(-6) composite?
False
Suppose 40*o = 35*o. Is (2 - o)/(0 + 4/118) a prime number?
True
Suppose 5088 = -2*d - 2*d. Let h be d/(-18) - (-2)/6. Suppose 3*m = 2*m + h. Is m prime?
True
Let t = -47 + -40. Let p be -2 - (-3 - 435/3). Let b = t + p. Is b composite?
False
Suppose 0 = l - 9*l + 9544. Is l composite?
False
Suppose -20*u = -21*u + 21. Let k(o) = o**3 - 21*o**2 + 18*o - 47. Is k(u) prime?
True
Let g = 210 - -1003. Is g a composite number?
False
Suppose -65*x + 70*x = 12655. Is x prime?
True
Suppose -3*v = -5*b - 95736, -5*b + 56536 + 39230 = 3*v. Is v prime?
False
Suppose 13*n - 10*n - 145835 = -w, 4*w - 145841 = -3*n. Is n composite?
False
Suppose -2*f + 36 - 92 = 0. Let d be 7/(f/8) + 1486. Let a = d + -943. Is a a composite number?
False
Let z(s) = -6629*s + 434. Is z(-13) a composite number?
True
Let j be (-2)/(-1) + (-48)/(-4). Let w(u) = u**3 + 4*u**2 + 20*u + 12. Let o be w(j). Suppose 0*n = -4*n + o. Is n a composite number?
True
Suppose -4*y - 16 = 4. Let r = -14 - y. Is ((-1)/(-1))/(r/(-207)) a composite number?
False
Suppose 2974*n - 708187 = 2955*n. Is n composite?
False
Suppose -16*o + 20*o = 11108. Is o a composite number?
False
Suppose v + 2224 = 5*y, 3*y + v = 5*y - 892. Suppose -32*f + 452 = -28*f. Let j = f + y. Is j prime?
True
Let q be ((-8)/(-6))/(4/(-6))*-1. Is 613/((-2)/(-4) + q/4) a composite number?
False
Is 2*-1 + (-35)/5 + 23258 prime?
False
Suppose d + 0*d = 3*n - 9, 3*n = -5*d + 9. Suppose -5*i - 1 + 36 = d. Let r(o) = 166*o - 11. Is r(i) composite?
False
Let z(t) = 1693*t + 118. Is z(7) composite?
False
Is 3/(0 + 3) - -4740*1 prime?
False
Suppose -u - 4*f = -18259, u - 5*f - 72973 = -3*u. Is u prime?
False
Suppose 5*s = -4*p + 53, 0*s - 5 = -s. Let n(f) = f**3 + 8*f**2 - f + 6. Is n(p) composite?
True
Suppose 5*y + 24 = 4*u + 9, 2*y + 6 = u. Suppose 0 = 5*z + 3*t + t - 43, -2*t = z - 11. Is y*(12292/(-12))/z a prime number?
True
Suppose 7*s = 6*s - 5*c + 1826, -4*s + 3*c = -7373. Is s composite?
True
Suppose -4*b - 530 = -3*s + 3115, s = -b + 1208. Is s prime?
False
Suppose 5*n + 116 - 76 = 0. Let o(f) = 15*f**2 - f + 9. Is o(n) composite?
False
Let s(j) be the second derivative of 104*j**3/3 - j**2 + 10*j. Is s(1) prime?
False
Let g = 8 - 4. Suppose -4*t + 3 = 3*v - 1, 8 = -g*t. Suppose -4*